16) in base 11?
4
Convert 108 (base 9) to base 16.
59
What is 5 (base 9) in base 15?
5
What is 6 (base 8) in base 16?
6
Convert -110010 (base 2) to base 13.
-3b
-65 (base 7) to base 5
-142
2 (base 5) to base 13
2
Convert -12 (base 6) to base 2.
-1000
Convert 14 (base 8) to base 2.
1100
Convert -40 (base 5) to base 10.
-20
What is -6 (base 8) in base 3?
-20
What is -2 (base 13) in base 7?
-2
Convert 68 (base 13) to base 4.
1112
Convert 3 (base 4) to base 5.
3
-2 (base 8) to base 14
-2
-3 (base 8) to base 15
-3
Convert 13 (base 8) to base 3.
102
What is -5 (base 13) in base 16?
-5
154 (base 9) to base 16
82
-1 (base 4) to base 10
-1
Convert -1 (base 9) to base 2.
-1
Convert 12 (base 7) to base 5.
14
-102 (base 3) to base 13
-b
-1 (base 4) to base 2
-1
What is 10 (base 4) in base 9?
4
What is -1 (base 11) in base 2?
-1
132 (base 9) to base 4
1232
Convert -4 (base 15) to base 5.
-4
1001 (base 3) to base 16
1c
3 (base 12) to base 14
3
What is 174 (base 9) in base 13?
b5
Convert 50 (base 13) to base 4.
1001
-13 (base 12) to base 3
-120
6 (base 12) to base 14
6
Convert -12 (base 4) to base 11.
-6
-53 (base 7) to base 2
-100110
What is -110 (base 2) in base 14?
-6
What is -10 (base 13) in base 7?
-16
Convert -16 (base 14) to base 12.
-18
What is -132 (base 5) in base 12?
-36
124 (base 7) to base 12
57
Convert -5 (base 15) to base 12.
-5
-187 (base 9) to base 11
-136
What is 1 (base 11) in base 3?
1
Convert -2 (base 15) to base 2.
-10
-12 (base 9) to base 7
-14
245 (base 6) to base 15
6b
11 (base 11) to base 3
110
What is 4 (base 15) in base 2?
100
0 (base 8) to base 15
0
-12 (base 6) to base 12
-8
What is -115 (base 6) in base 9?
-52
22 (base 13) to base 14
20
Convert 3 (base 13) to base 5.
3
Convert 32 (base 4) to base 13.
11
Convert -10 (base 9) to base 16.
-9
What is 0 (base 13) in base 2?
0
Convert 27 (base 11) to base 16.
1d
Convert 201 (base 6) to base 7.
133
Convert -10022 (base 3) to base 4.
-1121
Convert 1 (base 4) to base 7.
1
Convert -311 (base 7) to base 16.
-9b
What is e8 (base 15) in base 6?
1002
-20 (base 3) to base 8
-6
Convert 11 (base 8) to base 13.
9
Convert 60 (base 10) to base 13.
48
What is 14 (base 11) in base 14?
11
Convert 2 (base 7) to base 12.
2
-3 (base 15) to base 12
-3
Convert 1133 (base 4) to base 2.
1011111
Convert -9 (base 16) to base 13.
-9
What is 2 (base 10) in base 11?
2
Convert 0 (base 11) to base 2.
0
What is -3d (base 15) in base 6?
-134
What is -1 (base 5) in base 11?
-1
Convert -1 (base 13) to base 11.
-1
Convert 0 (base 3) to base 4.
0
Convert 3 (base 13) to base 5.
3
-6 (base 10) to base 5
-11
Convert -38 (base 15) to base 6.
-125
Convert 3 (base 4) to base 9.
3
Convert 111 (base 5) to base 15.
21
Convert -3 (base 7) to base 13.
-3
1200 (base 3) to base 8
55
2 (base 11) to base 3
2
Convert -4 (base 6) to base 14.
-4
10 (base 4) to base 8
4
What is -3 (base 10) in base 6?
-3
What is 0 (base 2) in base 14?
0
Convert 10 (base 2) to base 11.
2
Convert -5 (base 14) to base 10.
-5
What is 4 (base 16) in base 15?
4
Convert -120 (base 11) to base 5.
-1033
-51 (base 16) to base 13
-63
What is -42 (base 8) in base 9?
-37
-41 (base 8) to base 3
-1020
Convert 6 (base 7) to base 4.
12
Convert 136 (base 10) to base 13.
a6
-232 (base 4) to base 15
-31
What is 2 (base 7) in base 6?
2
What is 12 (base 10) in base 8?
14
Convert 3 (base 4) to base 16.
3
46 (base 7) to base 4
202
154 (base 8) to base 5
413
What is -40 (base 11) in base 2?
-101100
What is 12211 (base 3) in base 4?
2131
Convert 1000 (base 2) to base 10.
8
Convert 3 (base 11) to base 16.
3
Convert -b (base 12) to base 10.
-11
What is -299 (base 10) in base 5?
-2144
Convert 100 (base 2) to base 6.
4
Convert 58 (base 16) to base 2.
1011000
What is -23 (base 4) in base 11?
-10
Convert -174 (base 8) to base 3.
-11121
Convert -1 (base 3) to base 10.
-1
41 (base 5) to base 15
16
What is 2 (base 7) in base 8?
2
What is 1 (base 11) in base 6?
1
What is 39 (base 10) in base 8?
47
0 (base 5) to base 2
0
34 (base 12) to base 6
104
Convert 2 (base 13) to base 2.
10
Convert ce (base 15) to base 8.
302
What is -3 (base 15) in base 5?
-3
Convert 0 (base 15) to base 4.
0
-120 (base 9) to base 12
-83
Convert -17 (base 13) to base 2.
-10100
-13 (base 12) to base 10
-15
Convert -68 (base 14) to base 8.
-134
Convert 4 (base 11) to base 8.
4
What is -10 (base 2) in base 12?
-2
Convert 1 (base 10) to base 8.
1
What is -101 (base 14) in base 3?
-21022
What is -3 (base 9) in base 13?
-3
-43 (base 8) to base 15
-25
-242 (base 5) to base 9
-80
What is -1 (base 6) in base 9?
-1
Convert -20 (base 4) to base 3.
-22
Convert -5 (base 16) to base 10.
-5
-44 (base 8) to base 13
-2a
What is -12 (base 8) in base 6?
-14
Convert 9 (base 14) to base 9.
10
Convert 8 (base 11) to base 2.
1000
6 (base 7) to base 10
6
15 (base 14) to base 16
13
10 (base 3) to base 7
3
Convert -8 (base 13) to base 15.
-8
What is 452 (base 9) in base 13?
227
Convert 10110 (base 2) to base 16.
16
Convert 102 (base 6) to base 9.
42
2 (base 16) to base 6
2
Convert -6 (base 8) to base 7.
-6
Convert -3 (base 8) to base 10.
-3
What is 133 (base 4) in base 9?
34
What is 533 (base 6) in base 7?
405
-1 (base 5) to base 3
-1
Convert -35 (base 6) to base 7.
-32
Convert 9 (base 16) to base 3.
100
What is 4 (base 14) in base 11?
4
Convert -24 (base 12) to base 13.
-22
Convert 4 (base 14) to base 2.
100
What is -7 (base 10) in base 13?
-7
Convert -5 (base 14) to base 4.
-11
What is 2 (base 7) in base 10?
2
8 (base 9) to base 16
8
What is 100 (base 5) in base 3?
221
What is -111 (base 4) in base 15?
-16
What is 1010000 (base 2) in base 15?
55
What is 0 (base 11) in base 2?
0
What is 12 (base 4) in base 6?
10
What is 98 (base 14) in base 12?
b2
What is -3 (base 9) in base 8?
-3
What is -1 (base 11) in base 7?
-1
-1 (base 6) to base 9
-1
Convert -1051 (base 6) to base 7.
-502
Convert 110 (base 2) to base 15.
6
5 (base 8) to base 10
5
Convert 2 (base 9) to base 4.
2
1 (base 6) to base 2
1
What is 160 (base 7) in base 6?
231
17 (base 11) to base 5
33
-4e (base 15) to base 13
-59
Convert 3e (base 15) to base 11.
54
Convert -103 (base 13) to base 16.
-ac
Convert -130 (base 7) to base 11.
-64
What is 10212 (base 3) in base 5?
404
What is -59 (base 14) in base 11?
-72
What is -64 (base 7) in base 16?
-2e
Convert 11 (base 3) to base 2.
100
10101010 (base 2) to base 15
b5
-5c (base 15) to base 2
-1010111
Convert 11b (base 13) to base 14.
db
-32 (base 5) to base 10
-17
Convert 0 (base 12) to base 9.
0
Convert -33 (base 12) to base 8.
-47
What is 10 (base 2) in base 15?
2
What is 8 (base 12) in base 15?
8
Convert -60 (base 11) to base 9.
-73
-311 (base 4) to base 6
-125
-3 (base 15) to base 6
-3
What is -6 (base 10) in base 11?
-6
21 (base 6) to base 13
10
Convert -2110 (base 3) to base 14.
-4a
What is 17 (base 9) in base 13?
13
What is -1 (base 6) in base 14?
-1
1010 (base 2) to base 4
22
What is -72 (base 12) in base 6?
-222
3 (base 14) to base 5
3
14 (base 7) to base 10
11
Convert ef (base 16) to base 10.
239
0 (base 14) to base 15
0
What is 3 (base 11) in base 16?
3
What is -47 (base 11) in base 13?
-3c
Convert -146 (base 8) to base 6.
-250
What is 20 (base 8) in base 16?
10
What is 1111 (base 3) in base 2?
101000
What is 4 (base 15) in base 8?
4
What is -19 (base 11) in base 13?
-17
What is 1 (base 5) in base 9?
1
Convert 0 (base 16) to base 8.
0
102 (base 6) to base 7
53
5 (base 8) to base 5
10
Convert 3 (base 5) to base 14.
3
-1 (base 12) to base 11
-1
What is -25 (base 8) in base 4?
-111
Convert ea (base 15) to base 13.
13c
-2 (base 6) to base 3
-2
-16 (base 15) to base 16
-15
What is 108 (base 10) in base 15?
73
14 (base 8) to base 14
c
What is 1100 (base 2) in base 10?
12
What is -23 (base 8) in base 10?
-19
Convert 202 (base 7) to base 3.
10201
Convert -10 (base 2) to base 13.
-2
1 (base 3) to base 6
1
What is 10 (base 5) in base 16?
5
-3 (base 11) to base 10
-3
What is -4 (base 16) in base 9?
-4
-1145 (base 6) to base 16
-119
Convert -2 (base 5) to base 15.
-2
What is 0 (base 11) in base 12?
0
-16 (base 8) to base 11
-13
1 (base 14) to base 3
1
3 (base 15) to base 2
11
3 (base 9) to base 5
3
Convert 178 (base 10) to base 13.
109
What is -5 (base 9) in base 16?
-5
What is -1 (base 8) in base 3?
-1
Convert 0 (base 9) to base 8.
0
What 